{"id":64,"date":"2022-09-16T10:49:04","date_gmt":"2022-09-16T08:49:04","guid":{"rendered":"http:\/\/laurenceperrin-hypnose.com\/?page_id=64"},"modified":"2025-06-22T16:35:36","modified_gmt":"2025-06-22T14:35:36","slug":"lhypnose","status":"publish","type":"page","link":"https:\/\/laurenceperrin-hypnose.com\/index.php\/lhypnose\/","title":{"rendered":"Hypnose"},"content":{"rendered":"\n<div class=\"wp-block-columns is-layout-flex wp-container-core-columns-is-layout-9d6595d7 wp-block-columns-is-layout-flex\">\n<div class=\"wp-block-column is-layout-flow wp-block-column-is-layout-flow\">\n<img src='https:\/\/laurenceperrin-hypnose.com\/wp-content\/uploads\/2023\/01\/telephone-1.png' width='10%'><a href='tel:0650704079'> 06 50 70 40 79<\/a><br \/><a href=\"https:\/\/perfactive.fr\/laurence-perrin\/book\" target=\"_blank\" rel=\"noopener\"><img decoding=\"async\" src=\"https:\/\/laurenceperrin-hypnose.com\/wp-content\/uploads\/2022\/12\/calendrier.png\" alt=\"prendre rendez-vous\" title=\"prendre rendez-vous\" width=\"120px\"><\/a>\n<\/div>\n\n\n\n<div class=\"wp-block-column is-layout-flow wp-block-column-is-layout-flow\"><\/div>\n<\/div>\n\n\n\n<p class=\"has-text-color has-medium-font-size\" style=\"color:#249da6\"><strong>Qu\u2019est-ce que l\u2019Hypnose&nbsp;?<\/strong><\/p>\n\n\n\n<p><em>Nous avons des tas d\u2019id\u00e9es re\u00e7ues \u2026et si je reste coinc\u00e9.e dans cet \u00e9tat&nbsp;?&#8230; et si je perds le contr\u00f4le&nbsp;?&#8230; J\u2019ai peur d\u2019\u00eatre manipul\u00e9.e\u2026 et si je ne suis pas r\u00e9ceptif.ve&nbsp;?<\/em><\/p>\n\n\n\n<div class=\"wp-block-media-text alignwide is-stacked-on-mobile\" style=\"grid-template-columns:15% auto\"><figure class=\"wp-block-media-text__media\"><img fetchpriority=\"high\" decoding=\"async\" width=\"412\" height=\"1024\" src=\"https:\/\/laurenceperrin-hypnose.com\/wp-content\/uploads\/2022\/12\/sticker-porte-ouverte-ruisseau-dans-les-bois-3-ambiance-sticker-col-J4-ROS-A796-e1671196351482-412x1024.jpg\" alt=\"\" class=\"wp-image-249 size-full\" srcset=\"https:\/\/laurenceperrin-hypnose.com\/wp-content\/uploads\/2022\/12\/sticker-porte-ouverte-ruisseau-dans-les-bois-3-ambiance-sticker-col-J4-ROS-A796-e1671196351482-412x1024.jpg 412w, https:\/\/laurenceperrin-hypnose.com\/wp-content\/uploads\/2022\/12\/sticker-porte-ouverte-ruisseau-dans-les-bois-3-ambiance-sticker-col-J4-ROS-A796-e1671196351482-121x300.jpg 121w, https:\/\/laurenceperrin-hypnose.com\/wp-content\/uploads\/2022\/12\/sticker-porte-ouverte-ruisseau-dans-les-bois-3-ambiance-sticker-col-J4-ROS-A796-e1671196351482.jpg 483w\" sizes=\"(max-width: 412px) 100vw, 412px\" \/><\/figure><div class=\"wp-block-media-text__content\">\n<p>Il s\u2019agit ici de l\u2019hypnose ericksonienne, (hypnose th\u00e9rapeutique et non de spectacle).<\/p>\n\n\n\n<p>L&#8217;hypnose est un \u00e9tat particulier diff\u00e9rent de l&#8217;\u00e9tat d&#8217;\u00e9veil ou du sommeil.&nbsp;<\/p>\n\n\n\n<p>Chacun de nous exp\u00e9rimente l&#8217;\u00e9tat hypnotique plusieurs fois par jour. C\u2019est en quelque sorte une transe commune quotidienne naturelle\u00a0: lorsque nous nous sommes dans nos pens\u00e9es, lorsque nous lisons un livre ou sommes absorb\u00e9s.es par une s\u00e9rie\u2026.. Nous sommes ici et ailleurs en m\u00eame temps&#8230;&#8230;&#8230; Le th\u00e9rapeute va amplifier cet \u00e9tat volontairement, par diff\u00e9rentes techniques dont les suggestions.<\/p>\n\n\n\n<p>L&#8217;hypnose est consid\u00e9r\u00e9e comme un \u00e9tat modifi\u00e9 de conscience, ce qui permet \u00e0 l&#8217;inconscient de se lib\u00e9rer des entraves et blocages du conscient.&nbsp;<\/p>\n\n\n\n<p>L\u2019hypnose va nous permettre de nous connecter \u00e0 cette part inconsciente de nous-m\u00eame et de trouver les solutions \u00e0 nos questions et difficult\u00e9s.<\/p>\n<\/div><\/div>\n\n\n\n<p><\/p>\n\n\n\n<p><\/p>\n\n\n\n<p class=\"has-text-color has-medium-font-size\" style=\"color:#249da6\"><strong>Et l\u2019Hypnose ericksonienne&nbsp;?<\/strong><\/p>\n\n\n\n<p>L&#8217;hypnose \u00e9ricksonienne tient son nom du psychiatre am\u00e9ricain, Milton Erickson. C\u2019est une th\u00e9rapie br\u00e8ve qui respecte le fonctionnement naturel de l&#8217;inconscient et du cerveau : \u00e0 la fois simple et efficace.<\/p>\n\n\n\n<p>L&#8217;approche innovante d&#8217;Erickson repose sur la certitude que le patient poss\u00e8de les ressources pour r\u00e9pondre de mani\u00e8re nouvelle aux situations qu&#8217;il rencontre.<\/p>\n\n\n\n<p>Milton Erickson est aujourd\u2019hui, consid\u00e9r\u00e9 comme le p\u00e8re de la th\u00e9rapie br\u00e8ve, il a r\u00e9volutionn\u00e9 l\u2019histoire de l\u2019hypnose et inspir\u00e9 de nombreuses pratiques qui continuent aujourd&#8217;hui encore \u00e0 se d\u00e9velopper.&nbsp;<\/p>\n\n\n\n<figure class=\"wp-block-image size-large is-resized\"><img decoding=\"async\" width=\"1024\" height=\"724\" src=\"https:\/\/laurenceperrin-hypnose.com\/wp-content\/uploads\/2022\/12\/wave-326155_1280-1024x724.jpg\" alt=\"\" class=\"wp-image-196\" style=\"width:336px;height:237px\" srcset=\"https:\/\/laurenceperrin-hypnose.com\/wp-content\/uploads\/2022\/12\/wave-326155_1280-1024x724.jpg 1024w, https:\/\/laurenceperrin-hypnose.com\/wp-content\/uploads\/2022\/12\/wave-326155_1280-300x212.jpg 300w, https:\/\/laurenceperrin-hypnose.com\/wp-content\/uploads\/2022\/12\/wave-326155_1280-768x543.jpg 768w, https:\/\/laurenceperrin-hypnose.com\/wp-content\/uploads\/2022\/12\/wave-326155_1280.jpg 1280w\" sizes=\"(max-width: 1024px) 100vw, 1024px\" \/><\/figure>\n\n\n\n<p class=\"has-text-color has-medium-font-size\" style=\"color:#249da6\"><strong>Quelques rep\u00e8res historiques&nbsp;<\/strong><\/p>\n\n\n\n<p>De Franz Anton Mesmer (1734 -1815), \u00e0 Milton Erickson (1901-1980), il y a eu plusieurs grandes p\u00e9riodes de l\u2019hypnose.<\/p>\n\n\n\n<ul class=\"wp-block-list\">\n<li>Au 18\u00e8me si\u00e8cle, o\u00f9 Mesmer, m\u00e9decin renomm\u00e9 avant la R\u00e9volution fran\u00e7aise, d\u00e9veloppe le magn\u00e9tisme animal avec un succ\u00e8s international jusqu\u2019\u00e0 James Esdaile (1808-1859), m\u00e9decin \u00e9cossais, qui pratique avec succ\u00e8s des op\u00e9rations d\u2019amputations indolores sous hypnose, avant l\u2019av\u00e8nement de l\u2019anesth\u00e9sie chimique.<\/li>\n<\/ul>\n\n\n\n<ul class=\"wp-block-list\">\n<li>Au 19\u00e8me si\u00e8cle, avec Jean-Martin Charcot (1825-1893), neurologue fran\u00e7ais et acad\u00e9micien entre autres, qui propose des s\u00e9ances d\u2019hypnose publique en passant par Emile Cou\u00e9 (1857-1926), psychologue et pharmacien fran\u00e7ais, c\u00e9l\u00e8bre dans le monde pour la psychologie positive fond\u00e9e sur l\u2019autosuggestion et l\u2019effet Placebo, jusqu\u2019\u00e0 Sigmund Freud (1856-1939), fondateur de la psychanalyse, qui commencera sa carri\u00e8re par l\u2019hypnose.<\/li>\n<\/ul>\n\n\n\n<ul class=\"wp-block-list\">\n<li>Au 20\u00e8me puis 21\u00e8me si\u00e8cle, avec notamment Milton Erickson et Dave Elman (1900-1967), homme de sc\u00e8ne am\u00e9ricain qui d\u00e9veloppe l\u2019hypnose rapide et enseigne \u00e0 des m\u00e9decins. Aujourd\u2019hui encore avec tous les m\u00e9decins, psychologues et fondateurs d\u2019\u00e9coles d\u2019hypnose sans oublier les anesth\u00e9sistes qui utilisent l\u2019hypnose lors des op\u00e9rations chirurgicales, dans le sillage du comme le professeur Marie-Elisabeth Faymonville au CHU de Li\u00e8ge en Belgique.&nbsp;<\/li>\n<\/ul>\n\n\n\n<ul class=\"wp-block-list\">\n<li>L\u2019hypnose continue d\u2019\u00e9voluer\u2026.<\/li>\n<\/ul>\n\n\n\n<p><a href=\"https:\/\/perfactive.fr\/laurence-perrin\/new?\" target=\"_blank\" rel=\"noreferrer noopener\">Prendre rendez-vous<\/a><\/p>\n","protected":false},"excerpt":{"rendered":"<p>06 50 70 40 79 Qu\u2019est-ce que l\u2019Hypnose&nbsp;? Nous avons des tas d\u2019id\u00e9es re\u00e7ues \u2026et si je reste coinc\u00e9.e dans cet \u00e9tat&nbsp;?&#8230; et si je perds le contr\u00f4le&nbsp;?&#8230; J\u2019ai peur d\u2019\u00eatre manipul\u00e9.e\u2026 et si je ne suis pas r\u00e9ceptif.ve&nbsp;? Il s\u2019agit ici de l\u2019hypnose ericksonienne, (hypnose th\u00e9rapeutique et non de spectacle). L&#8217;hypnose est un \u00e9tat&hellip; <a class=\"more-link\" href=\"https:\/\/laurenceperrin-hypnose.com\/index.php\/lhypnose\/\">Continue reading <span class=\"screen-reader-text\">Hypnose<\/span><\/a><\/p>\n","protected":false},"author":1,"featured_media":0,"parent":0,"menu_order":0,"comment_status":"closed","ping_status":"closed","template":"","meta":{"footnotes":""},"class_list":["post-64","page","type-page","status-publish","hentry","entry"],"yoast_head":"<!-- This site is optimized with the Yoast SEO plugin v21.9.1 - https:\/\/yoast.com\/wordpress\/plugins\/seo\/ -->\n<title>Hypnose - Laurence Perrin Hypnose Levallois<\/title>\n<meta name=\"robots\" content=\"index, follow, max-snippet:-1, max-image-preview:large, max-video-preview:-1\" \/>\n<link rel=\"canonical\" href=\"https:\/\/laurenceperrin-hypnose.com\/index.php\/lhypnose\/\" \/>\n<meta property=\"og:locale\" content=\"en_US\" \/>\n<meta property=\"og:type\" content=\"article\" \/>\n<meta property=\"og:title\" content=\"Hypnose - Laurence Perrin Hypnose Levallois\" \/>\n<meta property=\"og:description\" content=\"06 50 70 40 79 Qu\u2019est-ce que l\u2019Hypnose&nbsp;? Nous avons des tas d\u2019id\u00e9es re\u00e7ues \u2026et si je reste coinc\u00e9.e dans cet \u00e9tat&nbsp;?&#8230; et si je perds le contr\u00f4le&nbsp;?&#8230; J\u2019ai peur d\u2019\u00eatre manipul\u00e9.e\u2026 et si je ne suis pas r\u00e9ceptif.ve&nbsp;? Il s\u2019agit ici de l\u2019hypnose ericksonienne, (hypnose th\u00e9rapeutique et non de spectacle). L&#8217;hypnose est un \u00e9tat&hellip; Continue reading Hypnose\" \/>\n<meta property=\"og:url\" content=\"https:\/\/laurenceperrin-hypnose.com\/index.php\/lhypnose\/\" \/>\n<meta property=\"og:site_name\" content=\"Laurence Perrin Hypnose Levallois\" \/>\n<meta property=\"article:modified_time\" content=\"2025-06-22T14:35:36+00:00\" \/>\n<meta property=\"og:image\" content=\"https:\/\/laurenceperrin-hypnose.com\/wp-content\/uploads\/2023\/01\/telephone-1.png\" \/>\n<meta name=\"twitter:card\" content=\"summary_large_image\" \/>\n<meta name=\"twitter:label1\" content=\"Est. reading time\" \/>\n\t<meta name=\"twitter:data1\" content=\"3 minutes\" \/>\n<script type=\"application\/ld+json\" class=\"yoast-schema-graph\">{\"@context\":\"https:\/\/schema.org\",\"@graph\":[{\"@type\":\"WebPage\",\"@id\":\"https:\/\/laurenceperrin-hypnose.com\/index.php\/lhypnose\/\",\"url\":\"https:\/\/laurenceperrin-hypnose.com\/index.php\/lhypnose\/\",\"name\":\"Hypnose - Laurence Perrin Hypnose Levallois\",\"isPartOf\":{\"@id\":\"https:\/\/laurenceperrin-hypnose.com\/#website\"},\"datePublished\":\"2022-09-16T08:49:04+00:00\",\"dateModified\":\"2025-06-22T14:35:36+00:00\",\"breadcrumb\":{\"@id\":\"https:\/\/laurenceperrin-hypnose.com\/index.php\/lhypnose\/#breadcrumb\"},\"inLanguage\":\"en-US\",\"potentialAction\":[{\"@type\":\"ReadAction\",\"target\":[\"https:\/\/laurenceperrin-hypnose.com\/index.php\/lhypnose\/\"]}]},{\"@type\":\"BreadcrumbList\",\"@id\":\"https:\/\/laurenceperrin-hypnose.com\/index.php\/lhypnose\/#breadcrumb\",\"itemListElement\":[{\"@type\":\"ListItem\",\"position\":1,\"name\":\"Accueil\",\"item\":\"https:\/\/laurenceperrin-hypnose.com\/\"},{\"@type\":\"ListItem\",\"position\":2,\"name\":\"Hypnose\"}]},{\"@type\":\"WebSite\",\"@id\":\"https:\/\/laurenceperrin-hypnose.com\/#website\",\"url\":\"https:\/\/laurenceperrin-hypnose.com\/\",\"name\":\"Laurence Perrin Hypnose Levallois\",\"description\":\"HYPNOCOACHING - PNL - RITMO - EFT \",\"publisher\":{\"@id\":\"https:\/\/laurenceperrin-hypnose.com\/#organization\"},\"potentialAction\":[{\"@type\":\"SearchAction\",\"target\":{\"@type\":\"EntryPoint\",\"urlTemplate\":\"https:\/\/laurenceperrin-hypnose.com\/?s={search_term_string}\"},\"query-input\":\"required name=search_term_string\"}],\"inLanguage\":\"en-US\"},{\"@type\":\"Organization\",\"@id\":\"https:\/\/laurenceperrin-hypnose.com\/#organization\",\"name\":\"Laurence Perrin Hypnose Levallois\",\"url\":\"https:\/\/laurenceperrin-hypnose.com\/\",\"logo\":{\"@type\":\"ImageObject\",\"inLanguage\":\"en-US\",\"@id\":\"https:\/\/laurenceperrin-hypnose.com\/#\/schema\/logo\/image\/\",\"url\":\"https:\/\/laurenceperrin-hypnose.com\/wp-content\/uploads\/2022\/09\/Laurence-030-scaled.jpg\",\"contentUrl\":\"https:\/\/laurenceperrin-hypnose.com\/wp-content\/uploads\/2022\/09\/Laurence-030-scaled.jpg\",\"width\":1707,\"height\":2560,\"caption\":\"Laurence Perrin Hypnose Levallois\"},\"image\":{\"@id\":\"https:\/\/laurenceperrin-hypnose.com\/#\/schema\/logo\/image\/\"}}]}<\/script>\n<!-- \/ Yoast SEO plugin. -->","yoast_head_json":{"title":"Hypnose - Laurence Perrin Hypnose Levallois","robots":{"index":"index","follow":"follow","max-snippet":"max-snippet:-1","max-image-preview":"max-image-preview:large","max-video-preview":"max-video-preview:-1"},"canonical":"https:\/\/laurenceperrin-hypnose.com\/index.php\/lhypnose\/","og_locale":"en_US","og_type":"article","og_title":"Hypnose - Laurence Perrin Hypnose Levallois","og_description":"06 50 70 40 79 Qu\u2019est-ce que l\u2019Hypnose&nbsp;? Nous avons des tas d\u2019id\u00e9es re\u00e7ues \u2026et si je reste coinc\u00e9.e dans cet \u00e9tat&nbsp;?&#8230; et si je perds le contr\u00f4le&nbsp;?&#8230; J\u2019ai peur d\u2019\u00eatre manipul\u00e9.e\u2026 et si je ne suis pas r\u00e9ceptif.ve&nbsp;? Il s\u2019agit ici de l\u2019hypnose ericksonienne, (hypnose th\u00e9rapeutique et non de spectacle). L&#8217;hypnose est un \u00e9tat&hellip; Continue reading Hypnose","og_url":"https:\/\/laurenceperrin-hypnose.com\/index.php\/lhypnose\/","og_site_name":"Laurence Perrin Hypnose Levallois","article_modified_time":"2025-06-22T14:35:36+00:00","og_image":[{"url":"https:\/\/laurenceperrin-hypnose.com\/wp-content\/uploads\/2023\/01\/telephone-1.png"}],"twitter_card":"summary_large_image","twitter_misc":{"Est. reading time":"3 minutes"},"schema":{"@context":"https:\/\/schema.org","@graph":[{"@type":"WebPage","@id":"https:\/\/laurenceperrin-hypnose.com\/index.php\/lhypnose\/","url":"https:\/\/laurenceperrin-hypnose.com\/index.php\/lhypnose\/","name":"Hypnose - Laurence Perrin Hypnose Levallois","isPartOf":{"@id":"https:\/\/laurenceperrin-hypnose.com\/#website"},"datePublished":"2022-09-16T08:49:04+00:00","dateModified":"2025-06-22T14:35:36+00:00","breadcrumb":{"@id":"https:\/\/laurenceperrin-hypnose.com\/index.php\/lhypnose\/#breadcrumb"},"inLanguage":"en-US","potentialAction":[{"@type":"ReadAction","target":["https:\/\/laurenceperrin-hypnose.com\/index.php\/lhypnose\/"]}]},{"@type":"BreadcrumbList","@id":"https:\/\/laurenceperrin-hypnose.com\/index.php\/lhypnose\/#breadcrumb","itemListElement":[{"@type":"ListItem","position":1,"name":"Accueil","item":"https:\/\/laurenceperrin-hypnose.com\/"},{"@type":"ListItem","position":2,"name":"Hypnose"}]},{"@type":"WebSite","@id":"https:\/\/laurenceperrin-hypnose.com\/#website","url":"https:\/\/laurenceperrin-hypnose.com\/","name":"Laurence Perrin Hypnose Levallois","description":"HYPNOCOACHING - PNL - RITMO - EFT ","publisher":{"@id":"https:\/\/laurenceperrin-hypnose.com\/#organization"},"potentialAction":[{"@type":"SearchAction","target":{"@type":"EntryPoint","urlTemplate":"https:\/\/laurenceperrin-hypnose.com\/?s={search_term_string}"},"query-input":"required name=search_term_string"}],"inLanguage":"en-US"},{"@type":"Organization","@id":"https:\/\/laurenceperrin-hypnose.com\/#organization","name":"Laurence Perrin Hypnose Levallois","url":"https:\/\/laurenceperrin-hypnose.com\/","logo":{"@type":"ImageObject","inLanguage":"en-US","@id":"https:\/\/laurenceperrin-hypnose.com\/#\/schema\/logo\/image\/","url":"https:\/\/laurenceperrin-hypnose.com\/wp-content\/uploads\/2022\/09\/Laurence-030-scaled.jpg","contentUrl":"https:\/\/laurenceperrin-hypnose.com\/wp-content\/uploads\/2022\/09\/Laurence-030-scaled.jpg","width":1707,"height":2560,"caption":"Laurence Perrin Hypnose Levallois"},"image":{"@id":"https:\/\/laurenceperrin-hypnose.com\/#\/schema\/logo\/image\/"}}]}},"_links":{"self":[{"href":"https:\/\/laurenceperrin-hypnose.com\/index.php\/wp-json\/wp\/v2\/pages\/64","targetHints":{"allow":["GET"]}}],"collection":[{"href":"https:\/\/laurenceperrin-hypnose.com\/index.php\/wp-json\/wp\/v2\/pages"}],"about":[{"href":"https:\/\/laurenceperrin-hypnose.com\/index.php\/wp-json\/wp\/v2\/types\/page"}],"author":[{"embeddable":true,"href":"https:\/\/laurenceperrin-hypnose.com\/index.php\/wp-json\/wp\/v2\/users\/1"}],"replies":[{"embeddable":true,"href":"https:\/\/laurenceperrin-hypnose.com\/index.php\/wp-json\/wp\/v2\/comments?post=64"}],"version-history":[{"count":22,"href":"https:\/\/laurenceperrin-hypnose.com\/index.php\/wp-json\/wp\/v2\/pages\/64\/revisions"}],"predecessor-version":[{"id":609,"href":"https:\/\/laurenceperrin-hypnose.com\/index.php\/wp-json\/wp\/v2\/pages\/64\/revisions\/609"}],"wp:attachment":[{"href":"https:\/\/laurenceperrin-hypnose.com\/index.php\/wp-json\/wp\/v2\/media?parent=64"}],"curies":[{"name":"wp","href":"https:\/\/api.w.org\/{rel}","templated":true}]}}