{"id":3,"date":"2022-09-14T10:55:32","date_gmt":"2022-09-14T08:55:32","guid":{"rendered":"http:\/\/laurenceperrin-hypnose.com\/?page_id=3"},"modified":"2023-03-30T11:19:30","modified_gmt":"2023-03-30T09:19:30","slug":"politique-de-confidentialite","status":"publish","type":"page","link":"https:\/\/laurenceperrin-hypnose.com\/index.php\/politique-de-confidentialite\/","title":{"rendered":"Politique de confidentialit\u00e9"},"content":{"rendered":"\n<h2 class=\"wp-block-heading\"><\/h2>\n\n\n\n<p><strong class=\"privacy-policy-tutorial\"> <\/strong>L\u2019adresse de notre site est&nbsp;: https:\/\/laurenceperrin-hypnose.com.<\/p>\n\n\n\n<p><em>&nbsp;La pr\u00e9sente information fait suite aux nouvelles modalit\u00e9s du \u00abR\u00e8glement G\u00e9n\u00e9ral de Protection des Donn\u00e9es\u00bb dit RGPD et relatif \u00e0 la protection des donn\u00e9es personnelles.<\/em><\/p>\n\n\n\n<p><em>&nbsp;Laurence PERRIN pourra \u00eatre amen\u00e9e \u00e0 modifier ou compl\u00e9ter les informations qui suivent pour se conformer \u00e0 toute \u00e9volution l\u00e9gislative, r\u00e9glementaire ou technologique. Aussi, nous vous invitons \u00e0 visiter r\u00e9guli\u00e8rement cette page afin d\u2019y consulter les \u00e9ventuelles nouveaut\u00e9s.&nbsp;<\/em><\/p>\n\n\n\n<p class=\"has-vivid-cyan-blue-color has-text-color\"><em>Finalit\u00e9 des traitements&nbsp;<\/em><\/p>\n\n\n\n<p><em>&nbsp;Le traitement des donn\u00e9es personnelles est destin\u00e9 \u00e0&nbsp;:<\/em><\/p>\n\n\n\n<ul class=\"wp-block-list\">\n<li><em>Permettre la gestion de la relation avec nos contacts et clients<\/em><\/li>\n\n\n\n<li><em>Vous fournir les services et informations demand\u00e9s<\/em><\/li>\n\n\n\n<li><em>Recueillir des informations et \u00e9valuations nous permettant d\u2019am\u00e9liorer nos sites, produits et services<\/em><\/li>\n\n\n\n<li><em>Nous permettre de nous conformer \u00e0 la loi et \u00e0 nos obligations comptables<\/em><\/li>\n<\/ul>\n\n\n\n<p class=\"has-vivid-cyan-blue-color has-text-color\"><em>Dur\u00e9e de conservation des donn\u00e9es<\/em><\/p>\n\n\n\n<p><em>Les d\u00e9lais de conservation varient selon la nature des donn\u00e9es, la finalit\u00e9 des traitements, ou les exigences l\u00e9gales ou r\u00e9glementaires. Laurence PERRIN conserve les donn\u00e9es \u00e0 caract\u00e8re personnel pendant une dur\u00e9e limit\u00e9e qui n\u2019exc\u00e8de pas la dur\u00e9e n\u00e9cessaire aux finalit\u00e9s de collecte.&nbsp;<\/em><\/p>\n\n\n\n<p class=\"has-vivid-cyan-blue-color has-text-color\"><em>VOS DROITS ET RECOURS<\/em><\/p>\n\n\n\n<p><em>&nbsp;Vous pouvez \u00e0 tout moment acc\u00e9der \u00e0 vos donn\u00e9es, les rectifier, demander leur suppression, vous opposer \u00e0 un traitement pour des motifs l\u00e9gitimes ou encore exercer votre droit \u00e0 la portabilit\u00e9 de vos donn\u00e9es et d\u2019opposition au traitement de vos donn\u00e9es \u00e0 des fins de prospection. Pour faire valoir ces doits, merci de vous adresser \u00e0 Laurence PERRIN 72, rue Aristide Briand &#8211; 92300 LEVALLOIS PERRET.<\/em><\/p>\n\n\n\n<p><em>Les donn\u00e9es dont Laurence PERRIN a besoin \u00e0 des fins administratives, l\u00e9gales ou pour des raisons de s\u00e9curit\u00e9 pourront cependant ne pas \u00eatre supprim\u00e9es.&nbsp;<\/em><\/p>\n\n\n\n<p><em>En cas de r\u00e9clamation \u00e0 laquelle Laurence PERRIN ne vous aurait pas donn\u00e9 de r\u00e9ponse satisfaisante, vous pouvez vous adresser \u00e0 la Commission Nationale de l\u2019Informatique et des Libert\u00e9s (CNIL) en charge du respect des obligations en mati\u00e8re de donn\u00e9es personnelles.<\/em><\/p>\n\n\n\n<p><\/p>\n\n\n\n<p><a href=\"https:\/\/www.proxibienetre.fr\" target=\"_blank\" rel=\"noreferrer noopener\">Proxi bien \u00eatre<\/a><\/p>\n","protected":false},"excerpt":{"rendered":"<p>L\u2019adresse de notre site est&nbsp;: https:\/\/laurenceperrin-hypnose.com. &nbsp;La pr\u00e9sente information fait suite aux nouvelles modalit\u00e9s du \u00abR\u00e8glement G\u00e9n\u00e9ral de Protection des Donn\u00e9es\u00bb dit RGPD et relatif \u00e0 la protection des donn\u00e9es personnelles. &nbsp;Laurence PERRIN pourra \u00eatre amen\u00e9e \u00e0 modifier ou compl\u00e9ter les informations qui suivent pour se conformer \u00e0 toute \u00e9volution l\u00e9gislative, r\u00e9glementaire ou technologique. Aussi,&hellip; <a class=\"more-link\" href=\"https:\/\/laurenceperrin-hypnose.com\/index.php\/politique-de-confidentialite\/\">Continue reading <span class=\"screen-reader-text\">Politique de confidentialit\u00e9<\/span><\/a><\/p>\n","protected":false},"author":1,"featured_media":0,"parent":0,"menu_order":0,"comment_status":"closed","ping_status":"open","template":"","meta":{"footnotes":""},"class_list":["post-3","page","type-page","status-publish","hentry","entry"],"yoast_head":"<!-- This site is optimized with the Yoast SEO plugin v21.9.1 - https:\/\/yoast.com\/wordpress\/plugins\/seo\/ -->\n<title>Politique de confidentialit\u00e9 - Laurence Perrin Hypnose Levallois<\/title>\n<meta name=\"robots\" content=\"index, follow, max-snippet:-1, max-image-preview:large, max-video-preview:-1\" \/>\n<link rel=\"canonical\" href=\"https:\/\/laurenceperrin-hypnose.com\/index.php\/politique-de-confidentialite\/\" \/>\n<meta property=\"og:locale\" content=\"en_US\" \/>\n<meta property=\"og:type\" content=\"article\" \/>\n<meta property=\"og:title\" content=\"Politique de confidentialit\u00e9 - Laurence Perrin Hypnose Levallois\" \/>\n<meta property=\"og:description\" content=\"L\u2019adresse de notre site est&nbsp;: https:\/\/laurenceperrin-hypnose.com. &nbsp;La pr\u00e9sente information fait suite aux nouvelles modalit\u00e9s du \u00abR\u00e8glement G\u00e9n\u00e9ral de Protection des Donn\u00e9es\u00bb dit RGPD et relatif \u00e0 la protection des donn\u00e9es personnelles. &nbsp;Laurence PERRIN pourra \u00eatre amen\u00e9e \u00e0 modifier ou compl\u00e9ter les informations qui suivent pour se conformer \u00e0 toute \u00e9volution l\u00e9gislative, r\u00e9glementaire ou technologique. Aussi,&hellip; Continue reading Politique de confidentialit\u00e9\" \/>\n<meta property=\"og:url\" content=\"https:\/\/laurenceperrin-hypnose.com\/index.php\/politique-de-confidentialite\/\" \/>\n<meta property=\"og:site_name\" content=\"Laurence Perrin Hypnose Levallois\" \/>\n<meta property=\"article:modified_time\" content=\"2023-03-30T09:19:30+00:00\" \/>\n<meta name=\"twitter:card\" content=\"summary_large_image\" \/>\n<meta name=\"twitter:label1\" content=\"Est. reading time\" \/>\n\t<meta name=\"twitter:data1\" content=\"2 minutes\" \/>\n<script type=\"application\/ld+json\" class=\"yoast-schema-graph\">{\"@context\":\"https:\/\/schema.org\",\"@graph\":[{\"@type\":\"WebPage\",\"@id\":\"https:\/\/laurenceperrin-hypnose.com\/index.php\/politique-de-confidentialite\/\",\"url\":\"https:\/\/laurenceperrin-hypnose.com\/index.php\/politique-de-confidentialite\/\",\"name\":\"Politique de confidentialit\u00e9 - Laurence Perrin Hypnose Levallois\",\"isPartOf\":{\"@id\":\"https:\/\/laurenceperrin-hypnose.com\/#website\"},\"datePublished\":\"2022-09-14T08:55:32+00:00\",\"dateModified\":\"2023-03-30T09:19:30+00:00\",\"breadcrumb\":{\"@id\":\"https:\/\/laurenceperrin-hypnose.com\/index.php\/politique-de-confidentialite\/#breadcrumb\"},\"inLanguage\":\"en-US\",\"potentialAction\":[{\"@type\":\"ReadAction\",\"target\":[\"https:\/\/laurenceperrin-hypnose.com\/index.php\/politique-de-confidentialite\/\"]}]},{\"@type\":\"BreadcrumbList\",\"@id\":\"https:\/\/laurenceperrin-hypnose.com\/index.php\/politique-de-confidentialite\/#breadcrumb\",\"itemListElement\":[{\"@type\":\"ListItem\",\"position\":1,\"name\":\"Accueil\",\"item\":\"https:\/\/laurenceperrin-hypnose.com\/\"},{\"@type\":\"ListItem\",\"position\":2,\"name\":\"Politique de confidentialit\u00e9\"}]},{\"@type\":\"WebSite\",\"@id\":\"https:\/\/laurenceperrin-hypnose.com\/#website\",\"url\":\"https:\/\/laurenceperrin-hypnose.com\/\",\"name\":\"Laurence Perrin Hypnose Levallois\",\"description\":\"HYPNOCOACHING - PNL - RITMO - EFT \",\"publisher\":{\"@id\":\"https:\/\/laurenceperrin-hypnose.com\/#organization\"},\"potentialAction\":[{\"@type\":\"SearchAction\",\"target\":{\"@type\":\"EntryPoint\",\"urlTemplate\":\"https:\/\/laurenceperrin-hypnose.com\/?s={search_term_string}\"},\"query-input\":\"required name=search_term_string\"}],\"inLanguage\":\"en-US\"},{\"@type\":\"Organization\",\"@id\":\"https:\/\/laurenceperrin-hypnose.com\/#organization\",\"name\":\"Laurence Perrin Hypnose Levallois\",\"url\":\"https:\/\/laurenceperrin-hypnose.com\/\",\"logo\":{\"@type\":\"ImageObject\",\"inLanguage\":\"en-US\",\"@id\":\"https:\/\/laurenceperrin-hypnose.com\/#\/schema\/logo\/image\/\",\"url\":\"https:\/\/laurenceperrin-hypnose.com\/wp-content\/uploads\/2022\/09\/Laurence-030-scaled.jpg\",\"contentUrl\":\"https:\/\/laurenceperrin-hypnose.com\/wp-content\/uploads\/2022\/09\/Laurence-030-scaled.jpg\",\"width\":1707,\"height\":2560,\"caption\":\"Laurence Perrin Hypnose Levallois\"},\"image\":{\"@id\":\"https:\/\/laurenceperrin-hypnose.com\/#\/schema\/logo\/image\/\"}}]}<\/script>\n<!-- \/ Yoast SEO plugin. -->","yoast_head_json":{"title":"Politique de confidentialit\u00e9 - Laurence Perrin Hypnose Levallois","robots":{"index":"index","follow":"follow","max-snippet":"max-snippet:-1","max-image-preview":"max-image-preview:large","max-video-preview":"max-video-preview:-1"},"canonical":"https:\/\/laurenceperrin-hypnose.com\/index.php\/politique-de-confidentialite\/","og_locale":"en_US","og_type":"article","og_title":"Politique de confidentialit\u00e9 - Laurence Perrin Hypnose Levallois","og_description":"L\u2019adresse de notre site est&nbsp;: https:\/\/laurenceperrin-hypnose.com. &nbsp;La pr\u00e9sente information fait suite aux nouvelles modalit\u00e9s du \u00abR\u00e8glement G\u00e9n\u00e9ral de Protection des Donn\u00e9es\u00bb dit RGPD et relatif \u00e0 la protection des donn\u00e9es personnelles. &nbsp;Laurence PERRIN pourra \u00eatre amen\u00e9e \u00e0 modifier ou compl\u00e9ter les informations qui suivent pour se conformer \u00e0 toute \u00e9volution l\u00e9gislative, r\u00e9glementaire ou technologique. Aussi,&hellip; Continue reading Politique de confidentialit\u00e9","og_url":"https:\/\/laurenceperrin-hypnose.com\/index.php\/politique-de-confidentialite\/","og_site_name":"Laurence Perrin Hypnose Levallois","article_modified_time":"2023-03-30T09:19:30+00:00","twitter_card":"summary_large_image","twitter_misc":{"Est. reading time":"2 minutes"},"schema":{"@context":"https:\/\/schema.org","@graph":[{"@type":"WebPage","@id":"https:\/\/laurenceperrin-hypnose.com\/index.php\/politique-de-confidentialite\/","url":"https:\/\/laurenceperrin-hypnose.com\/index.php\/politique-de-confidentialite\/","name":"Politique de confidentialit\u00e9 - Laurence Perrin Hypnose Levallois","isPartOf":{"@id":"https:\/\/laurenceperrin-hypnose.com\/#website"},"datePublished":"2022-09-14T08:55:32+00:00","dateModified":"2023-03-30T09:19:30+00:00","breadcrumb":{"@id":"https:\/\/laurenceperrin-hypnose.com\/index.php\/politique-de-confidentialite\/#breadcrumb"},"inLanguage":"en-US","potentialAction":[{"@type":"ReadAction","target":["https:\/\/laurenceperrin-hypnose.com\/index.php\/politique-de-confidentialite\/"]}]},{"@type":"BreadcrumbList","@id":"https:\/\/laurenceperrin-hypnose.com\/index.php\/politique-de-confidentialite\/#breadcrumb","itemListElement":[{"@type":"ListItem","position":1,"name":"Accueil","item":"https:\/\/laurenceperrin-hypnose.com\/"},{"@type":"ListItem","position":2,"name":"Politique de confidentialit\u00e9"}]},{"@type":"WebSite","@id":"https:\/\/laurenceperrin-hypnose.com\/#website","url":"https:\/\/laurenceperrin-hypnose.com\/","name":"Laurence Perrin Hypnose Levallois","description":"HYPNOCOACHING - PNL - RITMO - EFT ","publisher":{"@id":"https:\/\/laurenceperrin-hypnose.com\/#organization"},"potentialAction":[{"@type":"SearchAction","target":{"@type":"EntryPoint","urlTemplate":"https:\/\/laurenceperrin-hypnose.com\/?s={search_term_string}"},"query-input":"required name=search_term_string"}],"inLanguage":"en-US"},{"@type":"Organization","@id":"https:\/\/laurenceperrin-hypnose.com\/#organization","name":"Laurence Perrin Hypnose Levallois","url":"https:\/\/laurenceperrin-hypnose.com\/","logo":{"@type":"ImageObject","inLanguage":"en-US","@id":"https:\/\/laurenceperrin-hypnose.com\/#\/schema\/logo\/image\/","url":"https:\/\/laurenceperrin-hypnose.com\/wp-content\/uploads\/2022\/09\/Laurence-030-scaled.jpg","contentUrl":"https:\/\/laurenceperrin-hypnose.com\/wp-content\/uploads\/2022\/09\/Laurence-030-scaled.jpg","width":1707,"height":2560,"caption":"Laurence Perrin Hypnose Levallois"},"image":{"@id":"https:\/\/laurenceperrin-hypnose.com\/#\/schema\/logo\/image\/"}}]}},"_links":{"self":[{"href":"https:\/\/laurenceperrin-hypnose.com\/index.php\/wp-json\/wp\/v2\/pages\/3","targetHints":{"allow":["GET"]}}],"collection":[{"href":"https:\/\/laurenceperrin-hypnose.com\/index.php\/wp-json\/wp\/v2\/pages"}],"about":[{"href":"https:\/\/laurenceperrin-hypnose.com\/index.php\/wp-json\/wp\/v2\/types\/page"}],"author":[{"embeddable":true,"href":"https:\/\/laurenceperrin-hypnose.com\/index.php\/wp-json\/wp\/v2\/users\/1"}],"replies":[{"embeddable":true,"href":"https:\/\/laurenceperrin-hypnose.com\/index.php\/wp-json\/wp\/v2\/comments?post=3"}],"version-history":[{"count":3,"href":"https:\/\/laurenceperrin-hypnose.com\/index.php\/wp-json\/wp\/v2\/pages\/3\/revisions"}],"predecessor-version":[{"id":477,"href":"https:\/\/laurenceperrin-hypnose.com\/index.php\/wp-json\/wp\/v2\/pages\/3\/revisions\/477"}],"wp:attachment":[{"href":"https:\/\/laurenceperrin-hypnose.com\/index.php\/wp-json\/wp\/v2\/media?parent=3"}],"curies":[{"name":"wp","href":"https:\/\/api.w.org\/{rel}","templated":true}]}}